 13 - 22 - 6 - -27?
12
What is the value of -7 - -9 - (-2 + 2 - -1)?
1
What is 3 + -38 + -7 + -7 + 11 - -11?
-27
What is 6 + 4 + (11 - (14 + 0))?
7
Calculate 5 + 0 + -4 + 1 + (7 - 5).
4
What is -1 + (2 - -4) + 11 - 9?
7
Calculate -1 + 1 - (-2 + -5 + 3) - -6.
10
What is the value of -12 + 11 - -16 - 8?
7
Calculate -14 - (9 + (7 - 17) + -7).
-6
Calculate 12 - (25 + -22 + 8).
1
Calculate -5 + 8 - 10 - (-68 - -32).
29
What is the value of 0 + -1 - (-2 + 1 + 8)?
-8
-5 - (2 - -5) - (10 + -25)
3
-6 + (-11 - (-12 + -19))
14
What is the value of (-30 - (0 - 5)) + 9 + 1?
-15
Evaluate 42 + -20 + -12 - 22.
-12
Evaluate 15 - (2 + -6 + 16 + -2).
5
Calculate (10 + 2 - 20) + (12 + -2 - 4).
-2
Calculate -1 - 0 - (-11 + -15 + 30 + 9).
-14
Evaluate 4 + -9 - (-13 - (-23 + (7 - 16))).
-24
Calculate -10 + (4 - 1) - -22 - (0 - 0).
15
What is -7 - (-4 + 3 + 3 + 2)?
-11
Evaluate -36 + 35 - (18 - (-3 - -7)).
-15
Calculate -10 - (-5 + (-21 - -10)).
6
What is (-3 - (-20 - -8)) + -8?
1
Evaluate (-6 - (0 - 3) - (109 - 121)) + -32.
-23
(-3 - (-16 + 1 + 3 + 1)) + -20
-12
What is the value of 1 + -5 - ((15 - (9 + 2)) + -8)?
0
What is 5 - ((8 - 5 - 10) + 9)?
3
Calculate 1 + 0 + -147 + 133.
-13
What is (-1 - -8) + -12 - -15?
10
What is the value of 37 - 28 - 58 - -24?
-25
5 + (8 - 15 - -11) + -5
4
Evaluate 3 + 8 + -5 - (5 + -6 + 5).
2
What is the value of 335 + -327 + 0 + -7?
1
Calculate 7 + -3 + 2 + 5 + (4 - 33).
-18
Calculate 4 + -14 + 13 + -10 - -14.
7
-10 - -4 - (-16 + 4 + 0 + -1)
7
Evaluate (-23 - (0 - 6)) + (9 - 0).
-8
Calculate -3 - (-8 - ((18 - 20) + (0 - -5))).
8
2 + -5 + 5 + (-5 - 0 - 3)
-6
-6 + (4 + -5 - 6) - -4
-9
Evaluate -6 + -6 + 3 + (-7 - -3).
-13
-24 - (11 + -19) - -35
19
-1 - ((7 - 7) + 0 + 9 + 0)
-10
Evaluate -1 + 1 + -10 + 10.
0
-65 + 50 + -3 + (-3 - 11)
-32
What is the value of 8 + (12 - -15 - 13)?
22
What is the value of -31 + (3 - (-14 - (-8 - 7)))?
-29
What is the value of 11 - 17 - -10 - -5?
9
Evaluate (3 - (8 + 7 + -8)) + 11.
7
(-2 - -2) + -6 - (-1 - (1 - 8))
-12
What is the value of (-6 - (25 + -28)) + -5 + -2?
-10
What is the value of -5 - (11 - (3 - -11)) - 9?
-11
Calculate (12 - 14 - -3) + -11.
-10
Evaluate -27 - (-97 + 49) - (8 + -2 + 1).
14
(52 - 31) + -15 + (11 - (-5 + 4))
18
What is the value of -18 - (-4 - (35 + 13 + -15))?
19
What is the value of -8 + (-7 + 9 - 8 - -24)?
10
What is 11 - ((-2 - -14) + -13)?
12
What is the value of 1 - (2 - (10 - (-9 - -15)))?
3
Evaluate -1 - (-181 - -163 - (-1 - 44)).
-28
-250 + 233 + 30 + -2
11
Evaluate (-18 + 4 - -5) + 9.
0
What is 10 + 41 - (81 - 48)?
18
Evaluate (8 + -14 - (0 + -8)) + (17 - 3).
16
What is the value of 14 + 3 + 16 + -7 + -3?
23
What is the value of (-8 - (-4 + 1 - 2 - -5)) + -3?
-11
What is 8 + 13 + -12 - 18?
-9
12 + 2 - 26 - 1 - -11
-2
Evaluate 1087 - 1092 - (-4 - (0 - 2) - 16).
13
Calculate -3 + -35 + (9 - (24 - 16)).
-37
What is 3 + 5 + (2 - 5) + (28 - 40)?
-7
What is the value of 11 + -5 + -11 - -7 - 4?
-2
Calculate (6 - (12 + -6)) + -5 - (11 - 10).
-6
What is -9 + -7 + (6 - -17) + -5 + 13?
15
What is the value of 10 + (13 - 14) + -5 + -6 + 17?
15
Calculate -9 - (17 - 17 - 2).
-7
What is (34 - 39) + -7 - -25?
13
Calculate -26 + (29 - -23) + -28.
-2
Calculate (-16 - -11) + (-4 - 0) + (32 - 9).
14
What is -11 + 9 - (15 + -7)?
-10
Evaluate -1 + (-6 - (-7 - -8 - (-1 - -1))).
-8
What is the value of -23 - -19 - (2 + -4 + 9 + -3)?
-8
Calculate -3 + -5 + 0 + (-12 - -7).
-13
Evaluate -1853 + 1793 + 28 + 0.
-32
Calculate (-28 - -52) + (-8 - 1) - 7.
8
Calculate (186 - 163) + -1 + -11 + 1.
12
Calculate (-16 + 8 + 0 - -13) + 11.
16
-16 + (-2 - -4) + -10 + 17
-7
(10 - (-4 + -11 + 18)) + (2 - 0)
9
What is the value of 2 + -2 + -1 + -39 + (16 - -37)?
13
-9 - (-1 - (9 + -8 + 3))
-4
-1 + 2 + (5 - -3) - -6
15
(-21 - (-23 + 12)) + (11 - -3) + 6
10
What is the value of (1 + 4 - (2 + 7)) + (10 - 6)?
0
Evaluate 5 + -3 + 1 + (-18 - -7 - -7).
-1
0 + 0 - -40 - 17
23
-1 - (-5 + -34 + 8 - -6) - 5
19
What is the value of (4 - 11) + (42 + -9 - -3)?
29
What is (-15 - (-2 - 0)) + (-119 - -126)?
-6
(-3 - (-41 + 26)) + 18
30
Evaluate -3 + (3 + 9 - (-7 + 9)).
7
What is -2 - (-19 - (-6 + -3) - (-3 - -3))?
8
-4 - (-6 - (4 + (-8 - 6)))
-8
Evaluate 8 + (17 - (-9 - (6 + (-23 - 4)))).
13
What is 2 + 0 - 19 - (-1523 + 1530)?
-24
What is 10 - (-10 + (8 - -9) - -12)?
-9
(-7 - (7 + 0)) + 12
-2
Calculate 10 - (1 - 13 - (-132 - -131)).
21
What is (-6 - 1) + 13 + -1 + -13?
-8
Calculate (20 - 9 - 17) + -4.
-10
What is the value of (7 - (4 + -1) - (-2 - 2)) + 6?
14
Evaluate -26 - (-14 + 0) - -35.
23
Evaluate 0 + -12 + 11 + -5 + -1 - 15.
-22
Evaluate -7 - (11 + -29 + 15) - (0 - 4).
0
-3 + -3 + (-9 + 16 - 6) + -3
-8
Calculate -14 - ((-4 - (-14 + 5)) + 31 + -34).
-16
What is ((-5 - -7) + -9 - (-2 - 1)) + -22?
-26
2 + (-2 - -9 - (39 + -15))
-15
Evaluate (-8 - (-26 - (4 - (12 + -1)))) + -3.
8
What is the value of (1 - -5) + 49 + (-92 - -47) - 18?
-8
Calculate -223 + 232 + 7 + 0.
16
Evaluate -5 - -1 - (4 - 4) - 9.
-13
(1 - -23) + -661 + 644
7
Calculate 22 + (-100 - -90) + 1 + -7.
6
Evaluate -3 - (2 + 3 - ((5 - -4) + -10)).
-9
(-3 - (3 - (12 + 2))) + -17
-9
Calculate (-19 - (-8 - (12 + -17))) + -1 + 0.
-17
Calculate -24 + -8 - 2 - (-18 - -5).
-21
Evaluate -21 + (-3 - (20 - 12)) + 8.
-24
0 + -2 + -2 + (23 - 36) + 8
-9
-1 + 12 + (-37 - -7)
-19
-2 + 7 + 3 + -2 + 19 + -14
11
Evaluate 7 - (7 - (-18 + 24)).
6
Evaluate -222 - -240 - (11 - 0).
7
What is the value of -2 + -8 - (-9 + -13)?
12
Evaluate 3 - (23 - 35 - 7).
22
What is 10 + (-17 - ((9 - 23) + 7))?
0
9 + -1 + 2 + (28 - 30)
8
What is the value of 1 + (27 - 12) + 11 + -15?
12
What is the value of (87 - 94) + 2 + (-4 - 3)?
-12
Evaluate 22 + -2 - (-112 - -134).
-2
Evaluate 12 - (-12 + 8 + -8 + 44).
-20
What is the value of (13 - -1 - (10 + 2)) + 4?
6
Calculate 26 - (-5 + (0 - -10) - -5).
16
What is (1 - (1 + (0 - 5))) + 11 + -9?
7
Calculate -5 - (-2 + 16 - 12).
-7
What is -2 - (-2 + 4) - (-10 - (10 - 10))?
6
Evaluate (-7 + 1 - 13) + 4 + 32.
17
Evaluate -5 - (1 - (9 + 1)) - (0 + -6).
10
What is 2 + (6 - 7 - -7 - -3)?
11
What is 9 - (-43 + 77) - -49?
24
2 + 1 + (-7 - -6 - (-1 - -3))
0
Calculate -23 + 22 - (0 - 1 - (-4 + 2)).
-2
What is -1 + 17 - (-381 + 416)?
-19
Evaluate 13 + (-9 + 0 - (-3 + 4)) + -10.
-7
What is 7 - (-9 - -23 - (-5 - 1))?
-13
(28 - 42) + 3 + 20 - (0 + 16)
-7
Calculate 35 - (1 - 13 - (1 - 16)).
32
-1 + (0 + -10 - (-5 + (3 - 0)))
-9
Evaluate -30 - (-26 + (3 - -3)).
-10
Evaluate (33 - 1) + (41 - 67 - (-19 - -2)).
23
What is the value of 7 + (-7 - -10) - 18?
-8
Evaluate (-6 - (-3 - (6 + 6 + -6))) + 27.
30
What is the value of 3 + 12 + -115 + 120?
20
(16 - (-62 + 79)) + (17 - (-1 - 0))
17
What is the value of -68 + 81 + (1 - 18)?
-4
Evaluate 19 + -12 + (4 - -8 - 7).
12
(-15 + -2 - (-14 - -18)) + 2
-19
-19 - ((9 - 21) + -5)
-2
What is the value of (-3 - (1 + -2 + -2)) + 3 - -8?
11
Calculate 0 - (-39 - (39 + -40)).
38
Evaluate -3 + (7 - -7) + -10.
1
-27 + -2 + 29 + (-11 - (0 - 1))
-10
(-14 - 10) + 52 + -24
4
What is (14 - 16) + -5 - -3 - 35?
-39
What is -1 + (22 - 14 - -5)?
12
What is the value of 12 + (2 - (-6 + (24 - 8)))?
4
What is -30 + (8 - -10) + (-7 - 0) - -10?
-9
What is (15 - (50 + -40)) + (1 - (2 + 24))?
-20
Calculate -34 + 18 + -20 + 47.
11
-8 - (4 + (-6 - (0 + 0)))
-6
What is (26 - 2) + (14 - 30)?
8
What is -6 + -65 - -27 - -15?
-29
What is the value of 2 + -17 + (10 - (4 + -1)) - -48?
40
0 + -9 - (51 - (40 - -28))
8
Calculate (11 - 10) + (1 - -4) + 7 + 1.
14
What is (2 - 1 - 12) + (19 - -16)?
24
What is the value of -104 - -104 - ((2 - 3) + 3) - -14?
12
(16 + -65 - -16) + (13 - -4)
-16
3 - -1 - (-8 + (12 - -1) + 13)
-14
What is -1 - (-11 + 12 - (-1 + 4 + -1))?
0
(2 - 7) + (-6 - (-2 + 2 - 13))
2
(34 - 28) + (-6 - 1) + -4 - 4
-9
Evaluate -16 + -17 + 16 - (-3 - (4 + -3)).
-13
What is the value of -6 + (0 + -44 - (-28 + 12))?
-34
Evaluate (-31 - -2) + -291 + 291.
-29
Calculate 10 + 1 + 0 - ((-19 - 13) + 28).
15
-38 + (-28 - -15) + 34
-17
What is the value of 33 - 12 - ((0 - -7) + 51 + -51)?
14
Evaluate -15 - (-12 - -47 - 15).
-35
Evaluate 2 + -4 - 10 - (-542 - -517).
13
Evaluate 83 - 75 - (1 - (1 + -2)).
6
What is 12 + (8 - 28) - -17?
9
2 + -35 - (-22 + 40 + -32)
-19
What is the value of (-8 - -2) + 3 + 12 + (-236 - -208)?
-19
29 + 0 - (-318 + 360)
-13
Calculate (21 - 5 